se 6.
40011011
Convert -3a017 (base 14) to base 9.
-236675
What is 132301031 (base 4) in base 12?
60b25
Convert 153d50 (base 16) to base 9.
2551353
What is -133dc8 (base 15) in base 10?
-924488
Convert -1100011010111110010 (base 2) to base 15.
-80901
What is -98b092 (base 14) in base 13?
-10c3b50
34425321 (base 6) to base 4
10003013101
What is 152585b (base 14) in base 11?
5902777
Convert 31b9537 (base 12) to base 2.
100100000011011010111011
-1003202011 (base 5) to base 9
-3687361
-3341d (base 15) to base 2
-100111110001110000
-11000100100111110101010 (base 2) to base 14
-bda00a
1322203232 (base 4) to base 13
147653
Convert -12110112021 (base 3) to base 7.
-625360
101011101000010100 (base 2) to base 6
3455204
-1786aa (base 14) to base 5
-203030024
Convert -6c5b7 (base 13) to base 3.
-101002121012
What is 935b4a (base 16) in base 11?
54a6629
-32735 (base 15) to base 3
-22010211012
-282473 (base 12) to base 8
-2430027
-12160027 (base 8) to base 10
-2678807
What is -1331120 (base 8) in base 2?
-1011011001001010000
Convert 20031404 (base 7) to base 3.
10010002000002
11220122011 (base 3) to base 9
156564
a81b65 (base 14) to base 10
5690557
What is -13442201 (base 5) in base 3?
-21010110100
-11404400 (base 5) to base 8
-320542
164592 (base 12) to base 14
9cbb8
What is -8282a (base 13) in base 7?
-1664001
Convert 101101000011111101 (base 2) to base 10.
184573
Convert 1000110100100011000 (base 2) to base 10.
289048
2251515 (base 6) to base 5
12201001
Convert -c85445 (base 13) to base 16.
-47a6aa
What is -10222242 (base 5) in base 13?
-30174
What is 4ba9a (base 14) in base 7?
1403053
10101012120111 (base 3) to base 12
726a94
What is -895a82 (base 16) in base 12?
-3021316
Convert -370747 (base 16) to base 2.
-1101110000011101000111
What is -302cb0 (base 13) in base 11?
-6a5896
Convert -16b1e3 (base 15) to base 9.
-2056766
What is 1f4ebf (base 16) in base 4?
13310322333
What is 2057174 (base 11) in base 15?
4b94d1
-21320010 (base 5) to base 14
-4a721
Convert -670792 (base 12) to base 13.
-4551a1
Convert -20052 (base 9) to base 15.
-3d7e
220248 (base 12) to base 3
1000102000202
Convert 222023331 (base 4) to base 8.
521375
-7388713 (base 9) to base 15
-5322c3
What is 3130130313 (base 4) in base 5?
212343332
1464120 (base 7) to base 12
981a6
-1a022 (base 16) to base 15
-21870
-5a14b7 (base 13) to base 11
-123570a
Convert 1aac7 (base 13) to base 5.
3134014
What is 20022212220112 (base 3) in base 2?
1100110101001011010011
4616b8 (base 16) to base 13
c4a967
76660 (base 9) to base 6
1031213
1899466 (base 10) to base 12
77728a
Convert 7445262 (base 8) to base 10.
1985202
What is 4a35431 (base 12) in base 3?
1000021212100201
-47080 (base 12) to base 15
-1d2c6
What is 41ae (base 16) in base 10?
16814
What is 22002011121 (base 3) in base 4?
212311012
-15316 (base 16) to base 14
-238c6
What is 124203243 (base 5) in base 7?
5144063
100110011021010 (base 3) to base 9
10404233
What is 865593 (base 10) in base 3?
1121222101000
Convert -47227 (base 13) to base 5.
-13124434
What is 21b750 (base 15) in base 9?
3020863
-515dc (base 15) to base 13
-90483
What is a860a (base 12) in base 15?
45bdd
-367665 (base 10) to base 15
-73e10
What is 345870 (base 10) in base 8?
1243416
10411140 (base 5) to base 3
11122101221
Convert 100000011000001010 (base 2) to base 9.
221823
-1418327 (base 12) to base 6
-222030051
1433204443 (base 5) to base 15
502083
Convert -165111 (base 8) to base 3.
-10001021101
What is 1434630 (base 7) in base 13?
6a272
7247471 (base 8) to base 3
10121120212200
What is -c7e021 (base 15) in base 9?
-18810864
What is 84d0e (base 15) in base 13?
119a95
What is -1cca (base 13) in base 4?
-1010213
What is b45ad (base 16) in base 5?
142114413
1301431 (base 9) to base 5
140202134
What is -2cc3ca (base 14) in base 6?
-53354022
Convert 188827 (base 10) to base 13.
67c42
1548ab (base 14) to base 11
467a20
-1301541 (base 6) to base 5
-4223110
What is 2424615 (base 9) in base 8?
5011440
Convert -c711 (base 16) to base 12.
-255a9
What is 11001000010001010 (base 2) in base 16?
1908a
638981 (base 11) to base 12
413573
Convert -3014a (base 16) to base 4.
-300011022
Convert 11030220000 (base 4) to base 3.
2120012220110
-2146757 (base 8) to base 14
-1103cb
7711b (base 14) to base 3
112122112022
Convert 2a6094 (base 13) to base 11.
651548
What is 21401645 (base 7) in base 2?
110111111011010111001
What is -256160 (base 9) in base 11?
-a6844
Convert -1657152 (base 9) to base 11.
-581052
Convert 46526 (base 15) to base 10.
223911
Convert -5303 (base 8) to base 12.
-1717
49644 (base 12) to base 9
161327
-2421153 (base 7) to base 4
-1023020232
What is 1000110000110011111001 (base 2) in base 16?
230cf9
What is 1687ea (base 16) in base 8?
5503752
What is -1000010010010101001 (base 2) in base 14?
-70d4d
f646 (base 16) to base 4
33121012
a3ba79 (base 16) to base 5
10221330410
Convert -6454026 (base 8) to base 3.
-10020201021221
What is -214411442 (base 5) in base 3?
-1202111220210
What is 123211030 (base 4) in base 7?
650236
What is 210302022 (base 6) in base 8?
15762136
25431040 (base 7) to base 15
30973d
-2251582 (base 9) to base 8
-4505021
Convert 102310011 (base 4) to base 9.
126633
7b285 (base 16) to base 14
d1ba5
-6432502 (base 7) to base 10
-781258
What is 10002022100012 (base 3) in base 8?
6202531
-330563 (base 9) to base 2
-110000001010101100
Convert 2185803 (base 11) to base 3.
21012112022010
-5072bb (base 13) to base 5
-434403321
Convert -2c7ad (base 15) to base 4.
-203002000
Convert -60781 (base 13) to base 14.
-46cc6
Convert 203045 (base 6) to base 4.
3331211
15728 (base 13) to base 3
2001220202
-4210441444 (base 5) to base 15
-b68e69
-201003120 (base 4) to base 5
-13313014
Convert 1605653 (base 9) to base 15.
128a29
Convert 562871 (base 10) to base 11.
354991
Convert -676671 (base 8) to base 12.
-b04a1
-867813 (base 13) to base 12
-1083989
Convert 1363100 (base 9) to base 6.
24025130
-793482 (base 11) to base 9
-2335413
Convert b6b374 (base 12) to base 6.
141430224
Convert 22211101221 (base 3) to base 16.
2a6e5
Convert 35047330 (base 8) to base 4.
131010323120
11010110111001010 (base 2) to base 8
326712
-1664153 (base 7) to base 8
-711564
Convert -32340500 (base 6) to base 3.
-1210212100200
-431421204 (base 5) to base 16
-1bde7d
1112231333 (base 4) to base 2
1010110101101111111
-43eb1 (base 15) to base 5
-23402231
Convert 214240000 (base 5) to base 6.
31540241
2327445 (base 11) to base 2
1111100000100001111111
What is 2011001101211 (base 3) in base 7?
12466204
-51136 (base 8) to base 16
-525e
What is -13ac1 (base 14) in base 16?
-be89
Convert -9a7248 (base 11) to base 6.
-54224440
What is 1010100221 (base 3) in base 2?
101011001111010
-3294322 (base 11) to base 7
-100036410
1a785a (base 14) to base 3
1202220100000
Convert 8bc348 (base 13) to base 16.
328756
Convert 11a62b (base 12) to base 14.
76c15
Convert 28ca4 (base 14) to base 15.
20020
What is 1b1120 (base 14) in base 4?
3223030220
Convert 7dfa5 (base 16) to base 4.
1331332211
Convert 2638b99 (base 12) to base 5.
3412331233
Convert 7cec7a (base 16) to base 5.
4043441002
-23004 (base 5) to base 13
-984
What is -3284a (base 12) in base 6?
-1233334
Convert -2222210020 (base 3) to base 5.
-3341033
-50466105 (base 7) to base 6
-230015113
-111100011010000 (base 2) to base 12
-15a94
What is -110655 (base 8) in base 3?
-1220011020
-96132 (base 10) to base 15
-1d73c
Convert 210120010201 (base 3) to base 16.
679ba
-173091 (base 15) to base 7
-12361000
11130401 (base 5) to base 6
2041351
153075 (base 12) to base 5
42422120
What is 22120110 (base 4) in base 12?
20730
-2a6886 (base 11) to base 16
-74978
What is 1001120012011 (base 3) in base 15?
b189d
Convert 376249 (base 11) to base 2.
10010001000000000001
-4b65e (base 16) to base 15
-6178a
What is -9b4595 (base 13) in base 12?
-1289337
What is -1410520000 (base 6) in base 16?
-1053180
What is 1101143 (base 7) in base 8?
407337
Convert 187364 (base 9) to base 4.
130203031
Convert -6428644 (base 10) to base 5.
-3121204034
-23023301333 (base 4) to base 2
-1011001011110001111111
-777516 (base 8) to base 2
-111111111101001110
Convert -11101001011011111000001 (base 2) to base 10.
-7649217
Convert -11001011000010100011 (base 2) to base 9.
-1506726
What is -101010010100001001001 (base